12. Let z(h) = -h - 1. Let y(i) = c(i) + 12*z(i). Let q(g) = 7*g + 1. Let m = 9 + -6. Let s(x) = m*q(x) - 5*y(x). Calculate s(-8).
-5
Let a(f) = f**3 + 19*f**2 - 61*f - 78. Let z(g) = g**3 + 17*g**2 - 61*g - 78. Let v(r) = 5*a(r) - 4*z(r). Calculate v(-29).
9
Let w(k) = -k**3 - 9*k**2 - 15*k - 22. Let s = -25812 + 25804. Calculate w(s).
34
Let r(o) = -34 - 27 + o + 8*o + 4*o - 5*o. Give r(8).
3
Let s(l) = 42*l**3 + 2*l - 3. Suppose -62*n - 6*x + 10 = -58*n, x = 2*n - 1. What is s(n)?
41
Let z be (-5)/((-25)/15)*3. Let v(i) = i**3 + 3 + z + 9*i**2 + 7*i + 2*i + 3*i. Determine v(-8).
-20
Let p(y) = y**2 + 26*y - 18. Suppose -2*b + 51 = -5*b - 3*t, 5*b = t - 127. Give p(b).
-66
Let l(m) = m**2 + 9*m + 6. Let j = -50 + 32. Let w be 888/j + 6/(-9). Let i = 41 + w. Give l(i).
6
Let y = 67 + -71. Let x(r) = -8*r - 25. Let v be x(y). Let z(a) = -a - 13. Let l(d) = -4*d - 64. Let c(j) = -5*l(j) + 24*z(j). What is c(v)?
-20
Let l(p) = -4*p - p - 13 + 92 + 6*p - 7. Let w(x) = -36. Let c(d) = -2*l(d) - 5*w(d). Determine c(16).
4
Let a(b) = -5*b**2 - 12*b + 68*b + 3 - 54*b. Let f(k) = k - 2. Let o be f(1). Let u be a(o). Let q(n) = -n**2 - 4*n - 6. Give q(u).
-6
Let x(b) = -b**2 + 7*b + 2. Let m(y) = 34*y + 1480. Let t be m(-42). Suppose 5*l + 156 = 4*g, 0 = -5*g + 2*l - 7 + 219. Let n = t - g. Give x(n).
-6
Suppose 0 = 8*v - 112 - 0. Let q(f) be the second derivative of -f**3/2 + 45*f**2/2 + 4*f - 2. Let w be q(v). Let r(c) = -c**2 - c - 1. Calculate r(w).
-13
Let p(g) = 11 + 14*g**2 + 3*g + 16 - 38*g**3 - 25 - 23*g**2 + 10*g**2. Give p(-1).
38
Let q(u) be the third derivative of u**4/2 + 25*u**3/3 - 3078*u**2. Determine q(-6).
-22
Let q(j) = 10*j**3 + 19*j**2 - 44*j - 16. Let l(i) = i**3 + 2*i**2 - 5*i - 2. Let s(b) = 9*l(b) - q(b). Determine s(0).
-2
Let o(l) be the second derivative of l**5/20 + l**4 + l**3/6 + 8*l**2 - 2*l. Suppose 36 = -4*h - 3*i, -8*h - 5*i - 81 = -5. Calculate o(h).
4
Let z(r) = 3*r - 1. Let x = -7724 - -7710. Give z(x).
-43
Let p be (-150)/(-350)*(-175)/(-15). Let a(t) = -2*t**2 + 10*t - 1. Determine a(p).
-1
Suppose 50*g - 195 = -41*g + 106*g. Let z(u) = -u**3 - 14*u**2 - 17*u - 15. Give z(g).
37
Let s = -94 - -90. Let f(o) = -115*o + 56*o**2 - 28*o**2 + 112*o - 29*o**2 + 2. What is f(s)?
-2
Let g(w) be the second derivative of 8*w**3/3 - 18*w**2 + 373*w. Give g(5).
44
Let n = -9667 + 9653. Let d(r) = -6*r - 95. Determine d(n).
-11
Let k(o) = 8*o**2 - 15*o**2 - 10*o**2 - 21*o + o**3 - 4*o**2 - 20. Let n be k(22). Let p(i) = 3*i. Let q(r) = -10*r. Let f(v) = 21*p(v) + 6*q(v). What is f(n)?
6
Let k(d) be the second derivative of d**6/60 - d**5/30 + 19*d**4/12 + d**3/3 - 130*d. Let n(u) be the third derivative of k(u). Determine n(-3).
-40
Suppose -23 + 23 = 3*b. Let d(r) = -2*r**3 - 3*r**2 - 2*r - 14. Let m(q) = 5*q**3 + 8*q**2 + 5*q + 43. Let x(i) = -8*d(i) - 3*m(i). Give x(b).
-17
Suppose 3 = -2*p - 1, 5*p + 6 = -2*s. Suppose 0 = 10*r - s*r + 40. Let i(h) = h**2 + 9*h - 1. Calculate i(r).
-21
Let g = -3196 + 3191. Let y(h) = -5*h + 19. Determine y(g).
44
Let l(y) be the first derivative of y**4/4 - 3*y**3 + y**2/2 + 25*y + 2601. Give l(10).
135
Suppose 0 = -z - 15 + 10. Let b(s) = -14*s - 66. Give b(z).
4
Let h(b) be the second derivative of -b**5/20 + b**4/6 - b**3/6 + b**2/2 - 72*b. Let y be -25 + (4 - 0/(-3)). Let f = y - -22. What is h(f)?
1
Suppose -4*n - 147 - 39 = -2*i, 3*i - 287 = 4*n. Suppose -3*r + i = 14. Suppose -y + r = 31. Let w(s) = s**3 + 2*s**2 + s - 1. What is w(y)?
-3
Let t(l) = -l**2 - 2*l + 44. Let h(u) = -113*u - 685. Let d be h(-6). Give t(d).
9
Let s(w) = w**2 + 5*w + 6. Let m = 87 - -695. Suppose 785*t - m*t + 12 = 0. What is s(t)?
2
Let r = -8243 + 8249. Let n(o) be the third derivative of 2*o - 2/3*o**3 + 2/15*o**5 - 3/8*o**4 + o**2 + 0 - 1/120*o**r. What is n(7)?
-18
Let l be 4/26 + 4869/39 + 0. Let m = 127 - l. Let z(w) = -5*w + 7 - w**3 + m*w**3 - 6 - 4*w**2. Give z(5).
1
Let t be (-798)/228*120/42. Let d(a) = a**3 + 8*a**2 - 23*a - 40. Give d(t).
-10
Let r be 8 + (-8)/(3 + -2). Let t(n) = -5*n**2 - 7*n + 9. Let o(c) = c**2 + c - 1. Let b(v) = 6*o(v) + t(v). What is b(r)?
3
Let h(u) = 4*u**3 + 32*u**2 + 4*u + 223. Let q(l) = 3*l**3 + 23*l**2 + 3*l + 149. Let z(r) = -5*h(r) + 7*q(r). Determine z(0).
-72
Let p(z) = -4*z**2 - 7*z + 2. Let f(h) = -7*h**2 - 13*h + 4. Let s(g) = 3*f(g) - 5*p(g). What is s(-4)?
2
Suppose 2*z - 92 = -3*o + 3*z, 2*o = 5*z + 83. Let l(n) = -2*n + 48. Let h be l(o). Let b(p) = -2*p - 12. What is b(h)?
8
Let u(q) be the second derivative of q**5/20 - 5*q**4/12 + q**3 - 15*q**2/2 - q + 1349. Give u(5).
15
Let y(r) be the first derivative of -6*r**3 - r**2 - 4*r - 8828. Calculate y(2).
-80
Let z be (5/10)/((-1)/(-6)) - 0. Let o(h) = 23*h - 17*h - 9*h + z. Give o(-8).
27
Let c(l) = -2*l**3 + 39*l - 487 - 12*l + 513 + l**3 + 7*l**2. Determine c(10).
-4
Let b(r) be the second derivative of 0 + 1/6*r**4 + 1/2*r**2 + 27*r + 2/3*r**3. Let x be 3*(-8)/36*6. Determine b(x).
17
Let a(b) = -9*b**3 + 2*b**2 - 17*b + 63. Let c be a(-10). Let z(u) = -4748 + c - u - u**2 - 4741. What is z(0)?
-56
Let z(h) be the second derivative of -h**4/6 + 64*h**3/3 + 66*h**2 + 784*h - 2. Give z(65).
2
Let g(f) = 6*f - 3101 + 3104 + 0*f. What is g(-1)?
-3
Let t(o) = -4*o**2 + 6*o + 6. Let w(g) = -147*g + 1028. Let u be w(7). What is t(u)?
-4
Let g = 1366 - 1358. Let w(b) = 4*b - 33. What is w(g)?
-1
Let q(g) = 13*g - 551 + 1702 - 574 - 522. Calculate q(-5).
-10
Let g(m) = -m**2 + 248*m + 4194. Let p be g(-16). Let l(b) = b + 43. Give l(p).
13
Let l(z) = -19*z**2 - 3*z - z**3 - 100 - 74 - 108 + 231 + z**2. What is l(-18)?
3
Let m(b) = 2*b**2 + 2*b + 4. Let o = 4 + 211. Suppose -3*n = o - 206. Calculate m(n).
16
Let c(w) = 12 - 6*w - w**2 + 8*w + 7*w. Let m = -922 - -927. Suppose 5*k = -5*r + 40, -14*k - 4*r = -13*k - m. Give c(k).
12
Let i be 10 + -5 + (-1)/(2/28). Let b(r) = -5*r**3 - 3*r**2 + 21*r - 12. Let l(t) = 9*t**3 + 7*t**2 - 41*t + 23. Let j(a) = 7*b(a) + 4*l(a). What is j(i)?
-1
Let y(k) = 9*k**3 + 17*k**3 - 58*k**3 + 15*k**3 + 17 + 8*k**2 + 22*k + 18*k**3. Give y(-4).
-7
Let a be 1/(-4)*-2 - (-10 + 27/2). Let n(c) = -4*c - 8. What is n(a)?
4
Let j(c) = c**3 + 6*c**2 + c - 6. Suppose -25*t - 66 = -14*t. What is j(t)?
-12
Let m(r) = -r**3 - 6*r**2 - 4*r. Suppose -2*f - 8 = -v, -6*v + 2 = -2*f - 2*v. Let b(h) = -5*h - 2. Let o be b(-6). Let l be o/f + (-15)/(-25). What is m(l)?
-5
Let r be (-48)/(-15) - (-47)/(2115/(-54)). Let g(q) be the first derivative of -1 - 1/2*q**2 - 1/4*q**4 + 2/3*q**3 - q. Calculate g(r).
-3
Suppose -31 = -5*p - 3*g, 3*p - 13 = -4*g + 5*g. Suppose 9*b - 8*b - 5 = 0. Let o(d) = -1 + 3*d + 1564*d**3 + b*d**2 - 1565*d**3 + 4. Calculate o(p).
18
Let f(p) = -p + 8. Let g be (-120)/45*(0 + 6/4) + 16. Calculate f(g).
-4
Let i(s) = -2*s**3 + 37*s**2 + 58*s + 49. Let n be i(20). Let k(j) = 17*j - 15. Calculate k(n).
138
Let y be (-1 - -58) + 1 - (-6)/(-3). Suppose c - y = 5*c. Let o(s) = s**2 + 13*s - 19. Calculate o(c).
-5
Let u(d) = -7*d - 645 + 283 + 291. What is u(-15)?
34
Let n be -10*(-9)/((-90)/(-4)). Suppose 134 - n = -26*t. Let x(y) = y**3 + 5*y**2 - y - 1. What is x(t)?
4
Let u(i) = -19*i**3 - 36*i**2 - 36*i. Let o(a) = 6*a**3 + 11*a**2 + 11*a. Let v(s) = 13*o(s) + 4*u(s). What is v(1)?
0
Let b(w) = -3*w - 71. Let p(l) = -3*l**3 + 9*l**2 - 55*l + 148. Let r be p(3). Calculate b(r).
-20
Let u(k) = -k**2. Let l be (-16)/80 - 212/(-10). Suppose -8*z = -z + l. What is u(z)?
-9
Let z(p) = 8*p + 10*p**2 + 5*p + 15*p**2 + 12*p**2 - 31*p**2 - p**3 - 11. Give z(8).
-35
Let o(k) be the second derivative of 9/2*k**2 + 5/24*k**4 - 1/3*k**3 + 0 + 1/60*k**5 - 28*k. Let s(p) be the first derivative of o(p). Calculate s(-4).
-6
Let f(s) be the third derivative of -s**6/30 - s**5/15 - s**4/8 + 276*s**2 - 35. Let t = -8 - -6. Give f(t).
22
Let j = 2690 - 1523. Let h = 1169 - j. Let d(c) be the second derivative of c**4/6 - c**3/3 - c. What is d(h)?
4
Let g(x) = 2 - 3*x - 6 + 3 + 4*x**2. Suppose 348*v - 361 - 305 = 126*v. Give g(v).
26
Let i be (-6)/(-10) + (-69)/115*66/(-9). Let s(t) = t**3 - 7*t**2 + t + 2. Give s(i).
-43
Suppose -3*g - 4*f + 4 = -6, -4*g = f - 9. Let a(i) = 2*i - 4 - 2*i + i**2 - g*i. Suppose 18*v + 17*v - 69 = 12*v. Determine a(v).
-1
Let g(m) = 5 - m - 1 - 4 + 7. Sup